 - x, 3*n - t + 2*t - 125 = 0. What are the prime factors of n?
41
Let l(g) = -42*g + 4. Let o = -86 + 83. List the prime factors of l(o).
2, 5, 13
List the prime factors of 42/(-77) - (735297/(-165) + (-14)/70).
2, 557
Suppose -5*i = -197*z + 202*z - 38175, 2*i = 5*z + 15291. List the prime factors of i.
2, 3, 19, 67
Let i(m) = -951*m**3 - 6*m**2 - 5*m - 4. List the prime factors of i(-2).
2, 3, 5, 11, 23
Let m(f) = 35416*f + 889. List the prime factors of m(1).
5, 53, 137
Let a(w) be the first derivative of w**4/2 + w**3 + w**2 - w - 28. Let i be a(-2). What are the prime factors of 349/3 - 2 - 6/i?
5, 23
Suppose 212*a = 5*w + 211*a - 2470, w - a = 490. What are the prime factors of w?
3, 5, 11
Let i(a) = a**3 - 2*a**2 - 75*a + 58276. List the prime factors of i(0).
2, 17, 857
Let p = 7777 - 323. Suppose -2*c + v = -3729, 2*v - p = -10*c + 6*c. List the prime factors of c.
2, 233
Let j(d) = 266*d - 3660. List the prime factors of j(45).
2, 3, 5, 277
Let l be (-49980)/(-22) - 11/((-484)/8). Suppose 9*q + l = -7*q. Let u = -81 - q. List the prime factors of u.
61
Let y(o) = -7*o - 42. Let a be y(-6). Suppose a = -85*r + 79*r + 7014. What are the prime factors of r?
7, 167
Let n be (-119 + -25)/(14/(-8) + 1). Suppose 603 = p - n. What are the prime factors of p?
3, 5, 53
Let l be 124/16 + (-10)/(-40). Suppose -l*v + 5990 = 2*v. List the prime factors of v.
599
Let a be 2 - (-6 - -4) - -1. What are the prime factors of a*2/((-14)/(-497))?
5, 71
Let w = 293 - 138. Suppose 3*m - 3*k = 120, -k = 4*m - 20 - w. List the prime factors of m.
43
Suppose -2*h = 22*u - 24*u + 21922, -32834 = -3*u - 4*h. What are the prime factors of u?
2, 5477
Suppose 22 + 12 = 4*x - 3*g, 39 = 5*x - 2*g. List the prime factors of 6 + x/7 + -3.
2
Suppose 9*g - 4 - 41 = 0. Suppose -2*q - 3*y = -117, -g*y - 17 = 8. Let o = 71 - q. List the prime factors of o.
5
Suppose 4*s + 8 - 25 = 5*b, -4*s + 13 = -b. Suppose -4*q + 70 = -2*y, 4*q + 0 = -s*y - 155. Let o = y - -104. What are the prime factors of o?
59
Let s(y) = y**3 - 13*y**2 + 4*y - 20. Let j = -75 + 123. Suppose -104 = -4*o - j. List the prime factors of s(o).
2, 29
Suppose 32130 = 3*j + 2*n, -2*n + 53558 = 140*j - 135*j. What are the prime factors of j?
2, 11, 487
Let s = -12102 + 34709. What are the prime factors of s?
13, 37, 47
Suppose 3*a + 5*s - 10 = 0, a - 6 = 5*a - 3*s. Suppose a = l + 4*l - 2155. Let t = l - 238. What are the prime factors of t?
193
List the prime factors of (0/2)/(-28) + (0 - 289*-17).
17
Let d(n) = -n**2 - 25*n - 3. Let j be d(-23). Let h = j - 41. Suppose q = -h*q + 375. What are the prime factors of q?
5
Suppose -197*z - 2994211 + 6694130 = -6811213. List the prime factors of z.
2, 13339
Let i be (1 - (-6 - -5)) + 5. List the prime factors of i*(-4 - -3)*(-246)/7.
2, 3, 41
Let t be 7/126*6*2571. Suppose 10*w + t = 3*r + 12*w, 2*r - 564 = -5*w. What are the prime factors of r?
7, 41
Suppose b - 24926 = 2*r, 4*b = 6*b + 5*r - 49825. What are the prime factors of b?
2, 5, 7, 89
Let z(v) = -v**2 - 23*v - 40. Let y be z(-21). Let s(c) = c**3 - c - 3. Let j be s(y). List the prime factors of (j + -1)*101/1.
2, 101
Let s = 393 - 411. Let h(u) = u**3 + 19*u**2 - 36*u - 23. List the prime factors of h(s).
13, 73
List the prime factors of 2/2 + 80040 - -94*97/(-4559).
80039
Let n = -408 + 1007. Suppose -5*m - n = -3*t, -2*t + 404 = 3*m - 4*m. List the prime factors of t.
7, 29
Let f be (-2)/10 + (-4)/(-20). Suppose 13*x - 197 - 50 = f. Suppose 17*y + 184 = x*y. What are the prime factors of y?
2, 23
Let c(u) = 23428*u**3 + 4*u**2 + 35*u - 37. List the prime factors of c(1).
2, 3, 5, 11, 71
Let z(w) be the third derivative of 3/20*w**5 - 16*w**2 - 1/12*w**4 + 0*w - 3/2*w**3 + 0 + 1/120*w**6. What are the prime factors of z(-9)?
3
Let w(h) = -h**2 + h + 5. Let g be w(-6). Let c be (-1*44/(-8)*-2)/1. Let f = c - g. List the prime factors of f.
2, 13
Let w = 28 - 26. Suppose 323 = -v + w*v + 5*r, r + 305 = v. Suppose -3*l - 157 = -2*s + 2*l, 4*s - 4*l - v = 0. What are the prime factors of s?
2, 19
Let f(z) = z**2 + 2*z**2 - z**2 - 2*z - 13 + 16. Let p be f(0). Suppose p*b = 6*h - 4*h + 33, -11 = -b + 2*h. List the prime factors of b.
11
Let c(k) = -68*k**3 + 2*k**2 - 3*k + 2. Let v be c(-3). Suppose 3*z - v = -5*b, 17*z = -3*b + 19*z + 1138. What are the prime factors of b?
2, 47
Suppose -2*j - 1955 = 5*i, 10*i + 4*j = 6*i - 1552. Let k = 283 - i. List the prime factors of k.
2, 13
Let s(k) = k**3 + 8*k**2 - 8*k - 13. Let o be s(-9). Let z = -13 - o. Suppose -j = -220 + z. What are the prime factors of j?
211
What are the prime factors of ((-1)/1 + -1)/((-976452)/(-81372) + -12)?
2, 6781
Let w(b) = -b**2 + 13*b + 10. Let j be w(13). Suppose -11*h + j*h = 2. What are the prime factors of 4 + h - (1 - 16)?
17
Let d(n) = 6*n**2 + 5*n - 2. Let t be d(6). Suppose 0 = 4*s - 3*j - 331, 3*s = j - 3*j + t. Suppose q - s = -24. List the prime factors of q.
2, 29
Let w = -4579 - -13008. List the prime factors of w.
8429
Let j(h) = h**2 - 8*h - 5. Let d(w) = -w**2 - 9*w + 8. Let y be d(-9). Let l be j(y). Let n = l - -37. List the prime factors of n.
2
Suppose 3 = 2*b + b. Let n be b/(-2)*(-2 - 100). Let y = -48 + n. What are the prime factors of y?
3
Suppose 192542 = 13*i - 4070. What are the prime factors of i?
2, 19, 199
Suppose -4*p = o - 30101, -282*o + 277*o + 4*p + 150361 = 0. What are the prime factors of o?
19, 1583
Suppose 117983 = 4*j - 4*b + 33095, 1 = -b. List the prime factors of j.
21221
Suppose j = v + 22071 + 1358, 2*v = -4*j + 93716. What are the prime factors of j?
7, 3347
Suppose m - 2 = -0*m. Suppose 0 = 2*k + m*k + 1228. Let u = -216 - k. List the prime factors of u.
7, 13
Let q = 112 - 104. Suppose p + 3*l = 209, -l = 3*l - q. List the prime factors of p.
7, 29
Let d be (5/30*4)/(4/18). Suppose -d*m + 2*n = -419, -3*m + 4*m - 125 = -3*n. Suppose -2*h = -63 - m. List the prime factors of h.
2, 5
Suppose -4*x + 3*q - 3 = 0, 3*x - 2*q = 3*q - 5. Let j(f) = 17*f + 34. List the prime factors of j(x).
2, 17
Let r = 46614 - -4388. List the prime factors of r.
2, 7, 3643
Suppose 17199 - 324079 = -35*m. What are the prime factors of m?
2, 137
Let v = -575 - -1026. Let f = 883 - v. Suppose f = 3*y - i, 1137 = 5*y - 3*i + 421. List the prime factors of y.
5, 29
Let o(i) = 16*i**2 - 24*i - 1388. What are the prime factors of o(-25)?
2, 7, 47
What are the prime factors of (1 + 2 + 17787)*(-640)/(-800)?
2, 3, 593
Let h = 12421 - 3386. List the prime factors of h.
5, 13, 139
List the prime factors of 5685/(-20)*4488/(-198).
17, 379
Let x(n) = 29*n**2 + 10*n - 23. Let m be x(4). Let b = 821 - m. What are the prime factors of b?
2, 5, 17
Let d be (-38)/361 + -2*54146/76. Let t = d + 2636. List the prime factors of t.
7, 173
Let m be 3/((-2559)/(-1275) - 2). What are the prime factors of 10/15*(4 + m)?
2, 11, 13
Let v = -152 - -157. Suppose -v*q + 551 + 944 = 0. List the prime factors of q.
13, 23
Suppose 0*k = 8*k - 632. Suppose -8*p - 55 = -k. Suppose 2*q = -p*q + 635. List the prime factors of q.
127
Let h be (18/(-12))/(30471/30480 + -1). Suppose 3*n = h - 1216. Suppose -n = -10*o + 3*o. List the prime factors of o.
2, 23
What are the prime factors of (-17382)/(-3) - (-9 - -17)?
2, 11, 263
Let t(w) = 230*w + 226 + 118*w - 214. List the prime factors of t(1).
2, 3, 5
Suppose 15*d - 136228 = 2*q, 0 = -d + 4*q + 5678 + 3400. What are the prime factors of d?
2, 19, 239
Let q(f) = -98*f - 28. Let u be q(2). Let w = u + 320. What are the prime factors of w?
2, 3
Let b be -2*((-15)/(-6))/5 - 0. List the prime factors of 24*(b*(-42)/2 + 1).
2, 3, 11
Suppose -32*i - 308 = -33*i. Let r = 512 - i. What are the prime factors of r?
2, 3, 17
Suppose 3*r - 67537 = 2*k, -2*r + 45021 = 53*k - 58*k. What are the prime factors of r?
47, 479
Suppose 35334 = 3*j + a, -4*j + 75*a + 47110 = 76*a. What are the prime factors of j?
2, 23
Let s(h) = -369*h**3 - 10*h**2 + h + 30. What are the prime factors of s(-2)?
2, 3, 5, 7
Suppose 4*z + 4*b = -0*z - 4, 2*z = b + 10. Suppose -2*q = 5*w - 4*q - 1468, 3*q = -z*w + 885. List the prime factors of w.
2, 3, 7
Let i(c) = 163*c - 1200. What are the prime factors of i(47)?
7, 13, 71
Let f = -18416 + 19784. What are the prime factors of f?
2, 3, 19
List the prime factors of ((-49692)/